34).
12
Let c(h) = -h**2 - 13*h - 6. Give c(-12).
6
Let g(d) = -d**3 + 15*d**2 - 18*d + 16. Give g(14).
-40
Let f(h) = h**2 - 6*h - 2. Give f(-1).
5
Let y(x) = 3*x**2 - x - 1. Give y(-2).
13
Let f(r) = r**3 + 11*r**2 + 9*r + 10. Give f(-10).
20
Let b(i) = 5*i**3 - 4*i**2 - 7*i - 2. Determine b(-1).
-4
Let t(j) = -6*j - 110. Determine t(-19).
4
Let a(r) = -13*r - 373. Calculate a(-29).
4
Let c(l) = l**3 - 10*l**2 + 17*l - 3. What is c(8)?
5
Let p(m) = 2*m**2 - 9*m - 17. Calculate p(9).
64
Let z(g) = -g + 24. Give z(7).
17
Let q(v) = -v**3 + 8*v**2 - 8*v. What is q(6)?
24
Let i(x) = -x**3 - 15*x**2 - 6*x + 25. Calculate i(-14).
-87
Let q(a) = -a**3 + 14*a**2 - 13*a + 16. Give q(13).
16
Let s(o) = -4*o**2 - 8*o + 14. What is s(-3)?
2
Let l(u) = -u**2 + 13*u - 37. Determine l(13).
-37
Let u(d) = -d**3 - 17*d**2 - 19*d - 7. Calculate u(-16).
41
Let m(w) = -8*w**2 - w - 1. What is m(-1)?
-8
Let o(q) = -9*q - 13. Give o(-4).
23
Let d(m) = -m**2 + 8*m - 9. Calculate d(5).
6
Let b(t) = 10*t**3 - t**2 - t. Determine b(-1).
-10
Let y(b) = 2*b**2 - 2*b - 6. Give y(-3).
18
Let i(d) = -d**3 - 12*d**2 - 5. Give i(0).
-5
Let n(w) = 3*w**3 + w**2 + 11. Determine n(0).
11
Let m(t) = 3*t + 10. What is m(-6)?
-8
Let v(o) = o**2 - 26*o + 64. Give v(24).
16
Let f(g) = g**2 + 17*g + 5. Give f(-18).
23
Let c(j) = j**2 - 4*j + 3. Determine c(3).
0
Let t(g) = g**3 - 3*g**2 + 5*g + 4. Give t(3).
19
Let j(s) = s**2 - 29*s - 256. Calculate j(-7).
-4
Let j(r) = r**2 + 10*r - 2. Determine j(-10).
-2
Let d(s) = s**2 + 10*s + 11. Determine d(-6).
-13
Let d(r) = r**3 - 5*r**2 + r - 5. Determine d(5).
0
Let f(x) = 15*x**3 - 6*x**2 + 6*x - 4. Calculate f(2).
104
Let l(z) = -2*z**2 + 12*z - 3. Determine l(8).
-35
Let z(n) = n**3 - 2*n**2 - 5*n + 3. What is z(3)?
-3
Let l(q) = -q**2 - 21*q - 43. Give l(-13).
61
Let a(b) = -b**2 + 8*b - 14. Determine a(6).
-2
Let x(w) = -2*w**3 - 2*w**2 + 2*w. Determine x(2).
-20
Let a(b) = b**2 - 10*b - 8. Calculate a(8).
-24
Let d(w) = -w**2 + 37*w - 163. Calculate d(32).
-3
Let a(p) = 31*p + 219. Give a(-7).
2
Let t(j) = 8*j - 22. What is t(13)?
82
Let h(f) = -f**3 + 4*f**2 + 32*f - 4. Determine h(8).
-4
Let w(c) = c**3 + 7*c**2 + 2*c - 5. Calculate w(-7).
-19
Let g(w) = -w**3 - 17*w**2 + 21*w + 52. Give g(-18).
-2
Let d(z) = 2*z**3 - 63*z**2 - 31*z - 39. Determine d(32).
-7
Let z(o) = -o**3 + 10*o**2 - 13*o + 5. Calculate z(8).
29
Let n(h) = h**2 + 13*h - 8. What is n(-14)?
6
Let s(f) = -8*f - 94. What is s(-8)?
-30
Let u(r) = 5*r - 18. Determine u(-12).
-78
Let q(u) = 2*u**2 + 9*u + 1. Determine q(-6).
19
Let x(b) = 6*b + 13. Calculate x(-9).
-41
Let z(k) = 2*k + 2. Determine z(2).
6
Let v(d) = 9*d + 4. What is v(-6)?
-50
Let w(i) = -5*i + 8. What is w(7)?
-27
Let q(a) = -a**3 + 4*a**2 + 10*a - 1. Calculate q(5).
24
Let a(j) = -2*j**2 + 4*j + 1. What is a(-5)?
-69
Let a(g) = -g**3 + 19*g**2 - 19*g + 2. Calculate a(18).
-16
Let k(i) = -i + 2. Give k(15).
-13
Let r(q) = q**3 - 13*q**2 - 12*q - 10. Give r(14).
18
Let p(j) = j**2 + 17*j + 16. Give p(-10).
-54
Let x(b) = 7*b - 25. Give x(4).
3
Let c(p) = -11*p**2 - 111*p + 1. Give c(-10).
11
Let q(r) = r**3 + 16*r**2 - 19*r - 42. Give q(-17).
-8
Let b(n) = -n**3 + 5*n**2 - 9*n + 15. What is b(4)?
-5
Let l(i) = -16*i - 20. Determine l(-1).
-4
Let y(t) = -5*t + 8. What is y(9)?
-37
Let h(c) = c**2 + 6*c - 300. Give h(-20).
-20
Let k(u) = -13*u - 190. What is k(-15)?
5
Let r(w) = w**2 - 19*w - 8. Determine r(20).
12
Let f(o) = -2*o**2 - 17*o + 63. Determine f(-11).
8
Let b(u) = -u - 9. Calculate b(-14).
5
Let s(k) = -2*k**3 - 27*k**2 + 15*k + 5. Give s(-14).
-9
Let m(i) = -i**2 - 3*i + 13. Determine m(-6).
-5
Let i(l) = 11*l**2 - 2*l - 2. Determine i(-2).
46
Let m(j) = j**2 - 4*j - 6. Calculate m(5).
-1
Let u(x) = -x - 27. Calculate u(0).
-27
Let d(m) = -3*m**2 - 3*m + 4. Calculate d(-3).
-14
Let s(b) = 9*b. Determine s(-2).
-18
Let y(w) = -w**2 - 2*w + 115. Calculate y(-12).
-5
Let m(w) = 7*w - 17. What is m(2)?
-3
Let d(t) = -2*t**2 - 20*t - 2. Determine d(-10).
-2
Let m(g) = -2*g**3 - 2*g**2 + 4*g + 3. Calculate m(-3).
27
Let r(x) = 2*x + 14. What is r(0)?
14
Let b(h) = 8*h + 70. Give b(-13).
-34
Let b(z) = -6*z**2 - 24*z + 50. What is b(2)?
-22
Let x(u) = u**3 - 8*u**2 + 5*u. Calculate x(4).
-44
Let k(p) = 4*p + 9. Calculate k(-9).
-27
Let g(h) = h**2 - 29*h + 164. Determine g(22).
10
Let d(g) = -g**3 + 13*g**2 - 19*g + 9. What is d(11)?
42
Let f(u) = -21*u**2 - 2*u + 1. Calculate f(1).
-22
Let q(k) = -3*k - 2. Give q(1).
-5
Let m(l) = -10*l**2 - l + 2. Determine m(1).
-9
Let c(j) = j**3 + 5*j**2 - 7*j + 8. Determine c(-6).
14
Let n(j) = -2*j**3 + 4*j**2 - j + 2. Calculate n(3).
-19
Let s(l) = -l**3 + 4*l**2 + 8*l - 16. What is s(5)?
-1
Let o(y) = -y**3 + 6*y**2 - 6*y + 6. What is o(7)?
-85
Let a(k) = k**3 - 5*k**2. What is a(3)?
-18
Let f(n) = -n**3 + 5*n**2 + 2*n - 6. What is f(5)?
4
Let h(y) = y**3 - 12*y**2 - 9*y - 1. What is h(13)?
51
Let j(d) = d**2 - 10*d - 8. Give j(11).
3
Let p(s) = s**3 + 4*s**2 - 2*s. What is p(-4)?
8
Let q(h) = h**3 - 4*h**2 - 12*h - 5. What is q(6)?
-5
Let n(x) = x**3 - 5*x**2 - 6*x + 25. What is n(5)?
-5
Let a(x) = x**2 + 14*x + 11. Determine a(-15).
26
Let m(a) = -a - 4. Give m(5).
-9
Let y(l) = -l**3 + 7*l**2 - 6*l - 13. Determine y(6).
-13
Let g(o) = -o**3 - 14*o**2 - 2*o + 3. What is g(-14)?
31
Let h(b) = 9*b + 75. What is h(-9)?
-6
Let b(z) = -5*z - 140. Give b(-30).
10
Let j(r) = r**3 + 12*r**2 - 16. Give j(-12).
-16
Let m(h) = h**2 - 18*h - 20. Give m(19).
-1
Let t(z) = 6*z**2 + 33*z + 3. Determine t(-6).
21
Let z(j) = 19*j**3 - 2*j**2 + j + 3. What is z(-1)?
-19
Let q(l) = -l**3 + 6*l**2 + 9*l + 10. What is q(7)?
24
Let u(a) = -a**2 - 10*a + 25. Give u(-12).
1
Let r(b) = b + 5. Give r(3).
8
Let b(s) = 76*s**2 + 144*s - 2. Give b(-2).
14
Let r(g) = 8*g + 6. Calculate r(2).
22
Let j(c) = 9*c + 144. What is j(-15)?
9
Let w(z) = -z**3 - 15*z**2 - 49*z + 6. Determine w(-10).
-4
Let s(d) = -3*d**2 - d + 4. Determine s(-3).
-20
Let g(l) = 3*l**2 - 5*l - 42. Calculate g(-3).
0
Let s(f) = -25*f - 349. Calculate s(-14).
1
Let m(o) = o**2 - 7*o + 6. What is m(3)?
-6
Let w(g) = -g**3 - 7*g**2 - 2*g + 6. Calculate w(-6).
-18
Let m(g) = -36*g**2 - 9*g + 10. Give m(1).
-35
Let p(y) = -2*y**2 + 4*y + 26. Give p(6).
-22
Let u(b) = -b**3 + b**2 - b + 14. Give u(0).
14
Let s(t) = t. What is s(1)?
1
Let v(l) = l**2 + 32*l + 173. What is v(-25)?
-2
Let x(g) = -g**3 - 9*g**2 + 10*g + 4. What is x(-10)?
4
Let o(m) = -m**2 - 5*m - 3. Determine o(-7).
-17
Let z(u) = -u**3 + 7*u**2 + 8*u - 1. Determine z(8).
-1
Let v(z) = 2*z. What is v(8)?
16
Let x(o) = 3*o**3 - 48*o**2 - 2*o + 33. What is x(16)?
1
Let w(i) = i**2 + 10*i + 16. Determine w(-4).
-8
Let b(i) = i**2 + 7*i - 25. What is b(-10)?
5
Let l(d) = -d**3 + 8*d**2 + 5*d + 29. Determine l(9).
-7
Let r(z) = -z**3 - 2*z**2 + 2*z - 1. Determine r(-2).
-5
Let g(h) = h**2 - 8*h - 27. Calculate g(10).
-7
Let y(n) = n**2 - 6*n - 6. Give y(7).
1
Let c(r) = -r**2 + 8*r - 13. Determine c(3).
2
Let i(s) = s**3 - 11*s**2 - 2*s + 11. Determine i(11).
-11
Let a(f) = f**3 + 18*f**2 - 18*f + 12. Give a(-19).
-7
Let i(h) = 2*h**3 - 54*h**2 + 52*h - 3. Determine i(26).
-3
Let u(b) = 21*b + 195. Give u(-9).
6
Let r(c) = -25*c - 5. Determine r(1).
-30
Let l(v) = -v**3 + v**2 + 2*v + 4. Calculate l(0).
4
Let z(f) = -5*f + 18. Determine z(3).
3
Let v(s) = 9*s**2 + 2*s + 7. Give v(-3).
82
Let v(i) = i**3 + i - 11. Determine v(0).
-11
Let s(g) = -g**3 + 5*g**2 - 2*g + 1. Give s(6).
-47
Let x(p) = -3*p - 36. Give x(-13).
3
Let r(q) = -q - 1. Determine r(5).
-6
Let s(z) = z**3 + 10*z**2 + 10*z - 9. Calculate s(-9).
-18
Let x(p) = 16*p**2 + 9*p + 4. What is x(-1)?
11
Let s(w) = -w + 23. Calculate s(19).
4
Let r(c) = c**3 + 4*c**2 - 12*c + 6. Calculate r(-6).
6
Let u(q) = 11*q - 3. Give u(0).
-3
Let a(o) = -o - 14. Determine a(-8).
-6
Let f(h) = -25*h - 163. Determine f(-6).
-13
Let x(c) = c**3 - 3*c**2 - 2*c. Determine x(2).
-8
Let o(y) = 9*y - 289. Give o(32).
-1
Let b(d) = -d - 13. Determine b(-7).
-6
Let p(q) = -2*q**3 - 4*q**2 + q - 18. Give p(-4).
42
Let c(d) = -d**2 + 14*d + 3. Give c(13).
16
Let n(c) = -7*c - 60. Calculate n(-8).
-4
Let l(n) = 37*n**3 - 2*n**2 + 2*n - 1. Give l(1).
36
Let q(f) = 2*f**3 - 20. Calculate q(0).
-20
Let m(a) = -a**2 -